10
Let g(u) = 4*u**2 + 3*u - 10*u + u**3 + 3*u. Let k be g(3). Let o = 83 - k. Calculate the highest common factor of 48 and o.
16
Let y be -59 + 52 - (-3 + 0). Let s be 810/(-1)*y/6. Calculate the greatest common divisor of s and 60.
60
Let r(j) = 6*j + 40. Let p be r(-10). Let h be (-10*115/p)/((-1)/(-2)). Calculate the greatest common factor of 23 and h.
23
Let o = -4953 + 5334. Calculate the highest common divisor of 254 and o.
127
Let m = 3684 - 3569. Calculate the highest common factor of 2070 and m.
115
Let l be 409*3 - 2 - (-320)/80. Suppose 22*n + 129 - l = 0. What is the greatest common divisor of n and 10?
10
Let w(b) = -4*b**3 - 116*b**2 - 112*b + 26. Let v be w(-28). Calculate the highest common factor of 4888 and v.
26
Let o be (-1 - (6 - 0))*-2. Let i = -682 + 1186. Suppose 3*r + i = 7*r. Calculate the highest common divisor of o and r.
14
Suppose 4*x - 153 = x + o, 4*o = 3*x - 144. Suppose -5*h + x + 33 = 0. Suppose -v + 3*m + 28 = v, -4 = -2*m. Calculate the highest common factor of v and h.
17
Suppose 29008 + 381311 = 117*q. Calculate the highest common divisor of 147 and q.
21
Let i be -103 + 266 - (-6 + 61). Suppose 4*m - 5*h - 21 = 0, -5*m + h = -3*h - 24. Calculate the greatest common divisor of i and m.
4
Suppose -11*w + 380 = -16*w. Let y be 48/(-72) + w/(-6). What is the highest common divisor of y and 4?
4
Let u be 496 + 182/(-14) - -13. What is the highest common factor of u and 279?
31
Let t = -570 + 570. Suppose 29*k - 350 = -5*s + 30*k, t = 4*k. Let x(d) = -4*d**3 - 2*d - 1. Let y be x(-2). What is the greatest common factor of y and s?
35
Let x = 721 + -611. Let w(k) = k**2 - 11*k + 21. Let d be w(10). Calculate the greatest common divisor of d and x.
11
Suppose -1005*f = -1024*f + 779. Calculate the highest common divisor of f and 5904.
41
Suppose 2*t + 2*t = 2*t. Suppose 0 = 5*c + 2*q - 1176, t = -4*q - 16 + 8. Calculate the greatest common factor of 59 and c.
59
Let w(r) = -25*r**3 - 21*r**3 - 22 - 10*r**2 - 21*r + 47*r**3. Let j be w(12). What is the greatest common divisor of 224 and j?
14
Suppose 224*r - 5*c = 229*r - 620, 5*r + c - 604 = 0. Calculate the greatest common factor of r and 1050.
30
Let w(v) = -4*v - 136. Let s be w(-44). Calculate the highest common divisor of 270 and s.
10
Let y = -265 - -286. What is the greatest common divisor of 5 and y?
1
Let t(s) = 2*s**2 + 223*s + 1079. Let n be t(-5). What is the highest common divisor of n and 26054?
14
Suppose 14*w - 44 = 26. Suppose 2*x = -2*x + 4*f + 596, -w*x = 4*f - 790. Calculate the highest common factor of 44 and x.
22
Suppose 2*w = 4*c - 15 - 69, -2*c + 2*w + 46 = 0. Suppose -4*d = -5*r + 340, 4*d - 1 - c = 0. Calculate the greatest common divisor of r and 48.
24
Suppose -q + 52 = 2*q - 4*w, -2*w + 106 = 4*q. Let o = 1404 + -1380. What is the highest common divisor of q and o?
24
Suppose -8*b - n + 845 = -3*b, 0 = 4*b + 2*n - 682. Suppose 0 = -a - 42 - 10. Let u be (-1131)/a - 12/16. What is the highest common divisor of u and b?
21
Let g be 2/6*3 - -27. Suppose 4*q + 10*n + 468 = 6*n, 2*q + 237 = n. Let i = 188 + q. What is the greatest common factor of g and i?
14
Let u = 96631 + -96597. Let f(i) = 11*i**2 + 3*i - 4. Let m be f(-6). What is the highest common factor of m and u?
34
Suppose 0*k + 8 = 2*k. Suppose 0 = -4*v + j + 29 - 6, 3*v + k*j = 41. Suppose 1368*u + 202*u = 10990. Calculate the greatest common factor of u and v.
7
Let o(u) be the first derivative of -3*u**4/4 + 4*u**3/3 + 2*u**2 + 20. Let j be o(-2). Let f = 48 + j. What is the highest common factor of f and 32?
16
Suppose 0 = -3*h + 2*a + a + 306, -3*a + 518 = 5*h. What is the highest common divisor of h and 309?
103
Let k be 116 - 2 - (-1 - (0 + -1)). Suppose 39 = -5*z + k. Suppose -6*o = z - 303. What is the highest common factor of o and 120?
24
Let g = -18594 - -30055. What is the greatest common factor of g and 73?
73
Suppose -6140 - 16350 = -26*q. Let i be -2 - q/(-20) - 18/(-24). Calculate the greatest common factor of i and 672.
42
Let d(i) = -2*i**2 + 13*i - 16. Let j be d(4). Suppose 5 = 5*b, r - j = -b + 13. Calculate the highest common factor of 416 and r.
16
Let r(j) = 275*j - 1141. Let o be r(7). What is the highest common factor of 112 and o?
112
Let l be 2058/84*(-232)/(-14). Calculate the highest common factor of 290 and l.
58
Suppose s + 0*s - 62 = 0. Let h = -73 - -78. Suppose h*l - 96 - 59 = 0. Calculate the greatest common factor of l and s.
31
Let s = -185 - -751. Suppose 2*k = -2*q + q + 182, k = -3*q + s. Let u = 459 + -421. Calculate the greatest common divisor of u and q.
38
Let f be (-75)/(-60) + 6244/(-16). Let g = -21 - f. What is the highest common factor of 23 and g?
23
Let v be -2 + 16/7 - (-4950)/70. Suppose 2*a = -4*j + v + 135, 3*j + 5*a = 137. What is the highest common factor of 18 and j?
18
Suppose 257*i - 7*g = 260*i - 1846, 0 = 5*i - 4*g - 3108. Calculate the greatest common factor of i and 3875.
155
Let u be (3 + 0)*1*27/((-567)/(-1029)). Calculate the highest common factor of 196 and u.
49
Suppose 0 = -2*v + 661 - 31. Let o(y) = 2*y**2 + 401*y + 2025. Let w be o(-5). Calculate the highest common divisor of w and v.
35
Suppose 2*j = -10, -5*l + 0*j + 95 = -j. Suppose 186 = -57*b + 88*b. Let y be 13/(520/(-32))*(-51 + b). What is the highest common factor of l and y?
18
Suppose -3*z + 9*a + 12 = 5*a, -3*a = -4*z + 9. Suppose -3*r - 4 - 8 = z, n - 47 = 5*r. Suppose -5*v = -v - 36. What is the highest common divisor of n and v?
9
Let u(l) = -2*l**2 - 24*l + 23. Let b be u(-13). Let c be 15*b/6*(-24)/10. Calculate the greatest common divisor of 306 and c.
18
Let l = 61 + 12. Let b = -55 + l. Let g be ((-126)/105)/(-1 + b/20). Calculate the highest common factor of g and 12.
12
Let b(l) = -l + 8. Let m be b(5). Suppose -m*k - 2*k + 441 = -2*t, 4*t - 423 = -5*k. Let p be -6*1/6*-58. What is the highest common factor of p and k?
29
Suppose 6*w = 8*w - 10, 2590 = 4*l - 2*w. Suppose -16*c + 374 = -l. What is the greatest common divisor of c and 48?
16
Let c be (-452)/16*2*-6. Let t = c + -191. Suppose 0*n + 4*n - t = 0. Calculate the greatest common factor of n and 259.
37
Suppose -4*g + 65 = -0*m - 5*m, 2*m = -g. Suppose r - 583 = 5*v, 5*r + g = -0*r. Let u = -97 - v. What is the greatest common factor of u and 20?
20
Let w(v) = -7*v**3 - 9*v**2 - 7*v - 12. Let x be w(-5). Let y = x + -667. What is the highest common factor of 114 and y?
6
Let z = 28 - 6. Let w = -262 - -276. Let c = z + w. What is the highest common divisor of c and 180?
36
Suppose 2*g + 382 = -m + 1091, 4*m = -5*g + 1777. Let y = g - 298. Calculate the greatest common factor of 99 and y.
11
Suppose -k - 175*f + 176*f = -170, 158 = k - 3*f. What is the highest common divisor of k and 1344?
16
Let x(h) = 76*h - 4846. Let g be x(64). Suppose -y - 3868 = -5*q, 4*q = 3*y - 1069 + 4159. Calculate the highest common factor of g and q.
18
Suppose -74*z + 2208 = -4896. What is the greatest common divisor of 444 and z?
12
Suppose 388839 + 686170 = 264*h - 910535. What is the greatest common divisor of h and 138?
69
Suppose 516*j - 1032 = 514*j. Let h = 786 - j. Let t(k) = k**2 - 6*k + 3. Let x be t(9). Calculate the highest common factor of x and h.
30
Let h be ((-550)/125)/(1/(-280)). Calculate the greatest common factor of 48 and h.
16
Let g = -5502 + 6117. What is the highest common divisor of g and 165?
15
Let g = -4521 - -4697. Calculate the highest common divisor of g and 3564.
44
Suppose -12098 = 21*n + 18*n - 168878. What is the highest common factor of n and 270?
30
Suppose -599*i = -610*i + 858. Calculate the greatest common divisor of 78 and i.
78
Let a(n) = n**3 + 5*n**2 - 98*n - 26. Let g be a(8). What is the greatest common factor of 1166 and g?
22
Let l(y) = -y**3 - 8*y**2 + 64*y - 28. Let i be l(-14). Calculate the greatest common factor of i and 414.
18
Let o(h) = h**3 + 20*h**2 + 34*h - 13. Let d be o(-14). Calculate the greatest common factor of d and 3.
3
Let u = -2483 + 2499. Suppose 3*w - 3 = k + 2*k, 5*k + 5 = w. Let z be (0 + w)/(-2) + u. Calculate the highest common divisor of z and 144.
16
Suppose -1082 + 3926 = 6*r. What is the highest common divisor of r and 6?
6
Suppose -65*s = -2942 - 178. Calculate the greatest common divisor of s and 108.
12
Let